{"id":10827,"date":"2023-10-16T14:02:21","date_gmt":"2023-10-16T13:02:21","guid":{"rendered":"https:\/\/gbolognini.com\/politica-de-privacidad\/"},"modified":"2023-10-16T14:02:21","modified_gmt":"2023-10-16T13:02:21","slug":"politica-de-privacidad","status":"publish","type":"page","link":"https:\/\/gbolognini.com\/es\/politica-de-privacidad\/","title":{"rendered":"Pol\u00edtica de privacidad"},"content":{"rendered":"\t\t<div data-elementor-type=\"wp-page\" data-elementor-id=\"10827\" class=\"elementor elementor-10827 elementor-9864\" data-elementor-post-type=\"page\">\n\t\t\t\t\t\t<section class=\"elementor-section elementor-top-section elementor-element elementor-element-55735e67 elementor-section-boxed elementor-section-height-default elementor-section-height-default\" data-id=\"55735e67\" data-element_type=\"section\">\n\t\t\t\t\t\t<div class=\"elementor-container elementor-column-gap-default\">\n\t\t\t\t\t<div class=\"elementor-column elementor-col-100 elementor-top-column elementor-element elementor-element-5d58925c\" data-id=\"5d58925c\" data-element_type=\"column\">\n\t\t\t<div class=\"elementor-widget-wrap elementor-element-populated\">\n\t\t\t\t\t\t<div class=\"elementor-element elementor-element-616abb2f elementor-widget__width-initial elementor-widget elementor-widget-text-editor\" data-id=\"616abb2f\" data-element_type=\"widget\" data-widget_type=\"text-editor.default\">\n\t\t\t\t<div class=\"elementor-widget-container\">\n\t\t\t\t\t\t\t<h4><b>Titularidad del sitio web. \u00c1mbito de aplicaci\u00f3n<\/b><\/h4>\n<p><b>Giovanni Bolognini (en adelante Giovanni)<\/b>, como aut\u00f3nomo es el titular de esta p\u00e1gina web.<\/p>\n<p>En cumplimiento del art\u00edculo 10 de la Ley 34\/2002, de 11 de julio, de Servicios de la Informaci\u00f3n y Comercio Electr\u00f3nico (LSSI-CE), <b>Giovanni<\/b> le informa de sus datos identificativos:<\/p>\n<ul>\n<li>Denominaci\u00f3n Social: <b>Giovanni Bolognini<\/b><\/li>\n<li><span style=\"background-color: rgba(255, 255, 255, 0); color: var(--the7-base-color); letter-spacing: var(--the7-base-letter-spacing); text-transform: var(--the7-base-text-transform); word-spacing: normal;\">N.I.F: Y8840599B<\/span><\/li>\n<li>\n<p>Andador Campanilla 3 (Esc. 2 \u2013 4\u00b0B), E-50012 Zaragoza<\/p>\n<\/li>\n<li>Tel\u00e9fono: <a href=\"tel:0034638974042\">+34 638 974 042<\/a><\/li>\n<li>Correo electr\u00f3nico a efectos de comunicaci\u00f3n: <a href=\"mailto:gio.bolognini@t-online.de\">gio.bolognini@t-online.de&nbsp;<\/a><\/li>\n<\/ul>\n<p><span style=\"background-color: rgba(255, 255, 255, 0); color: var(--the7-base-color); letter-spacing: var(--the7-base-letter-spacing); text-transform: var(--the7-base-text-transform); word-spacing: normal;\">La presente <\/span><strong style=\"background-color: rgba(255, 255, 255, 0); color: var(--the7-base-color); letter-spacing: var(--the7-base-letter-spacing); text-transform: var(--the7-base-text-transform); word-spacing: normal;\">Pol\u00edtica de Privacidad<\/strong><span style=\"background-color: rgba(255, 255, 255, 0); color: var(--the7-base-color); letter-spacing: var(--the7-base-letter-spacing); text-transform: var(--the7-base-text-transform); word-spacing: normal;\"> tiene por objeto informar del modo en <b>Giovanni<\/b> recaba, trata y protege los datos de car\u00e1cter personal a trav\u00e9s de los formularios generados en la actividades o las p\u00e1ginas web, a fin de que los participantes o usuarios determinen libre y voluntariamente si desean facilitar sus datos personales.<\/span><\/p>\n<p>En la medida en que sea posible, la gesti\u00f3n de los datos de car\u00e1cter personal necesarios para la realizaci\u00f3n de las actividades se\u00f1aladas, se llevar\u00e1 a cabo a trav\u00e9s de las web indicadas, de manera que&nbsp;<b>Giovanni<\/b>&nbsp;proporcionar\u00e1 a los usuarios los recursos t\u00e9cnicos adecuados para que, con car\u00e1cter previo a la cumplimentaci\u00f3n de los datos personales, puedan acceder a esta Pol\u00edtica de Privacidad y a cualquier otra informaci\u00f3n relevante en materia de protecci\u00f3n de datos de car\u00e1cter personal. En otros casos, se adoptar\u00e1n las medidas establecidas por la normativa en vigor.<\/p>\n<p>El acceso y uso de las web por el usuario implica que \u00e9ste consiente expresamente y acepta en su totalidad el contenido de este documento y se obliga a cumplir por completo los t\u00e9rminos y condiciones recogidos en la presente Pol\u00edtica de Privacidad, as\u00ed como en las disposiciones contenidas en el Aviso Legal. Este consentimiento constituye la legitimidad del tratamiento de sus datos por parte de&nbsp;<b>Giovanni<\/b>&nbsp;para los fines previstos.<\/p>\n<p><b style=\"background-color: rgba(255, 255, 255, 0); color: var(--the7-base-color); letter-spacing: var(--the7-base-letter-spacing); text-transform: var(--the7-base-text-transform); word-spacing: normal;\">Giovanni<\/b>&nbsp;se reserva el derecho de realizar cu\u00e1ntas modificaciones estime necesarias u oportunas, o sean causa de cambios legislativos en la Pol\u00edtica de privacidad de la web. Cuando esto ocurra, el nuevo texto ser\u00e1 publicado en el sitio web, pudiendo el usuario tener conocimiento en todo momento acerca de la pol\u00edtica de privacidad vigente y actualizada.<\/p>\n<h4><strong>&nbsp;<\/strong><\/h4>\n<h4><strong>Responsable del tratamiento y recogida de los datos de car\u00e1cter personal<\/strong><\/h4>\n<p>En cumplimiento con lo dispuesto en la Ley Org\u00e1nica 3\/2018, de 6 de diciembre, de Protecci\u00f3n de Datos Personales y Garant\u00edas de Derechos Digitales, as\u00ed como en &nbsp;Reglamento (UE) 2016\/679 del Parlamento Europeo y del Consejo de 27 de abril de 2016 relativo a la protecci\u00f3n de las personas f\u00edsicas en lo que respecta al tratamiento de datos personales y a la libre circulaci\u00f3n de estos datos, ponemos en conocimiento del usuario que los datos recabados a trav\u00e9s de cualesquiera formularios de recogida de datos de las web ser\u00e1n incorporados a ficheros de datos de car\u00e1cter personal.<\/p>\n<p>Los campos de los formularios que aparezcan marcados con un asterisco (*) o con \u201crequerido\u201d ser\u00e1n de obligada cumplimentaci\u00f3n. La omisi\u00f3n de alguno de ellos podr\u00eda comportar la imposibilidad de que se pueda atender su solicitud o gestionar la actividad de manera adecuada.<\/p>\n<p>Al marcar el bot\u00f3n \u201cEnviar\u201d de los formularios, declara que los datos aportados son verdaderos, exactos, completos y actualizados, siendo responsable de cualquier da\u00f1o o perjuicio, directo o indirecto, que pudiera ocasionarse como consecuencia del incumplimiento de tal obligaci\u00f3n.<\/p>\n<p>El usuario puede actualizar sus datos siguiendo las indicaciones del apartado Ejercicio de derechos. &nbsp;Los datos suministrados por el usuario son de car\u00e1cter identificativo.<\/p>\n<p>Si el usuario es menor de 14 a\u00f1os, es necesario que cuente con el previo consentimiento de sus padres o tutores antes de proceder a la inclusi\u00f3n de sus datos personales en los formularios de los sitios web.<\/p>\n<h4><strong>&nbsp;<\/strong><\/h4>\n<h4><strong>Tratamientos de datos de los usuarios y finalidad de \u00e9stos realizados a trav\u00e9s de los sitios web<\/strong><\/h4>\n<p><b style=\"background-color: rgba(255, 255, 255, 0); color: var(--the7-base-color); letter-spacing: var(--the7-base-letter-spacing); text-transform: var(--the7-base-text-transform); word-spacing: normal;\">Giovanni<\/b>&nbsp;tratar\u00e1 los datos de car\u00e1cter personal suministrados por el usuario con la finalidad de gestionar su registro de usuario e identificarle como \u201cusuario registrado\u201d para enviarle informaci\u00f3n de boletines electr\u00f3nicos o Newsletter a trav\u00e9s de las cuentas de correo electr\u00f3nico&nbsp;<a href=\"mailto:info@aragonalimentos.es\">creadas<\/a>&nbsp;para ese fin y dar respuesta a las dudas, quejas, comentarios o inquietudes que pueda tener relativas a la informaci\u00f3n incluida en las web. Si alg\u00fan tratamiento requiere de consideraciones especiales, se informar\u00e1 al usuario a trav\u00e9s de las indicaciones que corresponda, en el momento de solicitar sus datos.<\/p>\n<p>Tras completar cada formulario debe aceptar la Pol\u00edtica de Privacidad, marcando la casilla de verificaci\u00f3n, lo cual se entender\u00e1 como que el usuario consiente libremente y de manera expresa e inequ\u00edvoca el tratamiento de sus datos personales con los fines previstos, en los t\u00e9rminos expuestos en la presente Pol\u00edtica de Privacidad, sin los cuales no podr\u00eda llevarse a cabo la prestaci\u00f3n del servicio.<\/p>\n<p>De cualquier modo, el usuario puede retirar en cualquier momento su consentimiento siguiendo las indicaciones del apartado \u201cEjercicio de derechos.\u201d<\/p>\n<p><b style=\"background-color: rgba(255, 255, 255, 0); color: var(--the7-base-color); letter-spacing: var(--the7-base-letter-spacing); text-transform: var(--the7-base-text-transform); word-spacing: normal;\">Giovanni<\/b>&nbsp;tratar\u00e1 los datos de car\u00e1cter personal siguiendo los principios de transparencia, licitud y lealtad, acorde a los fines determinados, expl\u00edcitos y leg\u00edtimos indicados en este documento.<\/p>\n<p>Los \u00f3rganos competentes en materia de control, seguimiento y auditor\u00eda de los trabajos ejecutados, tendr\u00e1n acceso a sus datos con la \u00fanica finalidad de comprobar el cumplimiento de lo previsto en las disposiciones legales aplicables.<\/p>\n<p><b style=\"background-color: rgba(255, 255, 255, 0); color: var(--the7-base-color); letter-spacing: var(--the7-base-letter-spacing); text-transform: var(--the7-base-text-transform); word-spacing: normal;\">Giovanni<\/b>&nbsp;no comunicar\u00e1 los datos de car\u00e1cter personal del usuario a terceros sin recabar el previo consentimiento del usuario, salvo que la cesi\u00f3n de sus datos fuese necesaria para el mantenimiento de la relaci\u00f3n contractual con \u00e9ste, suscribi\u00e9ndose el correspondiente contrato de tratamiento de datos a terceros, o por requisitos exigidos en la legislaci\u00f3n vigente en materia de seguridad.<\/p>\n<p><b style=\"background-color: rgba(255, 255, 255, 0); color: var(--the7-base-color); letter-spacing: var(--the7-base-letter-spacing); text-transform: var(--the7-base-text-transform); word-spacing: normal;\">Giovanni<\/b>&nbsp;no se responsabiliza ante ca\u00eddas del servicio, mal funcionamiento de las web o Links externos.&nbsp;<\/p>\n<p>Del mismo modo,&nbsp;<b>Giovanni<\/b>&nbsp;no garantiza ni asume responsabilidad alguna por los da\u00f1os y perjuicios, de cualquier naturaleza, que pudieran derivarse de alteraci\u00f3n, p\u00e9rdida, el tratamiento o el acceso no autorizado por parte del usuario.<\/p>\n<h4><strong>&nbsp;<\/strong><\/h4>\n<h4><strong>Sitios de terceros<\/strong><\/h4>\n<p>Las web podr\u00edan incluir enlaces a sitios controlados por terceros. El usuario debe recordar que al usar un enlace para acceder desde las Web a otra, dejar\u00e1n de surtir efectos la presente Pol\u00edtica de Privacidad.&nbsp;<b>Giovanni<\/b>&nbsp;declina cualquier tipo de responsabilidad con respecto a la privacidad y el tratamiento de datos de otros sitios web.<\/p>\n<h4><strong>&nbsp;<\/strong><\/h4>\n<h4><strong>Confidencialidad y seguridad<\/strong><\/h4>\n<p>Los datos personales que podamos recabar a trav\u00e9s de las Web o por medio de las distintas comunicaciones que mantengamos con el usuario ser\u00e1n tratados con absoluta confidencialidad, comprometi\u00e9ndonos a guardar secreto respecto de los mismos y garantizando el deber de guardarlos adoptando todas las medidas necesarias de \u00edndole t\u00e9cnica y organizativa que protejan su integridad y confidencialidad, evitando su alteraci\u00f3n, p\u00e9rdida, destrucci\u00f3n o da\u00f1o accidental y el tratamiento o acceso il\u00edcito o no autorizado, de acuerdo con lo establecido en la legislaci\u00f3n aplicable, habida cuenta de la tecnolog\u00eda, la naturaleza de los datos almacenados y de los riesgos a los que est\u00e1 expuesto, ya provengan de la acci\u00f3n humana o del medio f\u00edsico o natural.<\/p>\n<p>Por otro lado,&nbsp;<b>Giovanni<\/b>&nbsp;dispone de otras medidas adicionales, que en su caso pueden incluir la anonimizaci\u00f3n de la informaci\u00f3n, para garantizar la confidencialidad e integridad de la informaci\u00f3n, manteniendo de manera continua la supervisi\u00f3n, control y evaluaci\u00f3n de los procesos.<\/p>\n<h4><strong>&nbsp;<\/strong><\/h4>\n<h4><strong>Ejercicio de derechos<\/strong><\/h4>\n<p>El usuario podr\u00e1 ejercer sus derechos de acceso, rectificaci\u00f3n, cancelaci\u00f3n de sus datos personales y oposici\u00f3n o limitaci\u00f3n al tratamiento de \u00e9stos, as\u00ed como su derecho a la portabilidad de sus datos en cualquier momento mediante escrito dirigido a&nbsp;<b>Giovanni<\/b>&nbsp;&nbsp;<span style=\"background-color: rgba(255, 255, 255, 0); color: var(--the7-base-color); letter-spacing: var(--the7-base-letter-spacing); text-transform: var(--the7-base-text-transform); word-spacing: normal;\">Andador Campanilla 3 (Esc. 2 \u2013 4\u00b0B), E-50012 Zaragoza&nbsp;<\/span><span style=\"background-color: rgba(255, 255, 255, 0); color: var(--the7-base-color); letter-spacing: var(--the7-base-letter-spacing); text-transform: var(--the7-base-text-transform); word-spacing: normal;\">o a trav\u00e9s de la cuenta de correo electr\u00f3nico <\/span><u style=\"background-color: rgba(255, 255, 255, 0); color: var(--the7-base-color); letter-spacing: var(--the7-base-letter-spacing); text-transform: var(--the7-base-text-transform); word-spacing: normal;\">info@gbolognini.com<\/u><span style=\"background-color: rgba(255, 255, 255, 0); color: var(--the7-base-color); letter-spacing: var(--the7-base-letter-spacing); text-transform: var(--the7-base-text-transform); word-spacing: normal;\">, indicando su nombre, apellidos y adjuntando fotocopia del DNI.<\/span><\/p>\n<p>En cualquier caso, puede dirigirse a la Agencia Espa\u00f1ola de Protecci\u00f3n de datos&nbsp;<a href=\"http:\/\/www.agdp.es\/\">www.agdp.es<\/a>&nbsp;para iniciar los tr\u00e1mites oportunos en defensa de sus derechos.<\/p>\n<p>Julio de 2024.<\/p>\t\t\t\t\t\t<\/div>\n\t\t\t\t<\/div>\n\t\t\t\t\t<\/div>\n\t\t<\/div>\n\t\t\t\t\t<\/div>\n\t\t<\/section>\n\t\t\t\t<\/div>\n\t\t","protected":false},"excerpt":{"rendered":"<p>Titularidad del sitio web. \u00c1mbito de aplicaci\u00f3n Giovanni Bolognini (en adelante Giovanni), como aut\u00f3nomo es el titular de esta p\u00e1gina web. En cumplimiento del art\u00edculo 10 de la Ley 34\/2002, de 11 de julio, de Servicios de la Informaci\u00f3n y Comercio Electr\u00f3nico (LSSI-CE), Giovanni le informa de sus datos identificativos: Denominaci\u00f3n Social: Giovanni Bolognini N.I.F:&hellip;<\/p>\n","protected":false},"author":1,"featured_media":0,"parent":0,"menu_order":0,"comment_status":"closed","ping_status":"closed","template":"","meta":{"footnotes":""},"class_list":["post-10827","page","type-page","status-publish","hentry"],"_links":{"self":[{"href":"https:\/\/gbolognini.com\/es\/wp-json\/wp\/v2\/pages\/10827"}],"collection":[{"href":"https:\/\/gbolognini.com\/es\/wp-json\/wp\/v2\/pages"}],"about":[{"href":"https:\/\/gbolognini.com\/es\/wp-json\/wp\/v2\/types\/page"}],"author":[{"embeddable":true,"href":"https:\/\/gbolognini.com\/es\/wp-json\/wp\/v2\/users\/1"}],"replies":[{"embeddable":true,"href":"https:\/\/gbolognini.com\/es\/wp-json\/wp\/v2\/comments?post=10827"}],"version-history":[{"count":0,"href":"https:\/\/gbolognini.com\/es\/wp-json\/wp\/v2\/pages\/10827\/revisions"}],"wp:attachment":[{"href":"https:\/\/gbolognini.com\/es\/wp-json\/wp\/v2\/media?parent=10827"}],"curies":[{"name":"wp","href":"https:\/\/api.w.org\/{rel}","templated":true}]}}

Política de privacidad

<div data-elementor-type="wp-page" data-elementor-id="10827" class="elementor elementor-10827 elementor-9864" data-elementor-post-type="page">
						<section class="elementor-section elementor-top-section elementor-element elementor-element-55735e67 elementor-section-boxed elementor-section-height-default elementor-section-height-default" data-id="55735e67" data-element_type="section">
						<div class="elementor-container elementor-column-gap-default">
					<div class="elementor-column elementor-col-100 elementor-top-column elementor-element elementor-element-5d58925c" data-id="5d58925c" data-element_type="column">
			<div class="elementor-widget-wrap elementor-element-populated">
						<div class="elementor-element elementor-element-616abb2f elementor-widget__width-initial elementor-widget elementor-widget-text-editor" data-id="616abb2f" data-element_type="widget" data-widget_type="text-editor.default">
				<div class="elementor-widget-container">
							<h4><b>Titularidad del sitio web. Ámbito de aplicación</b></h4>
<p><b>Giovanni Bolognini (en adelante Giovanni)</b>, como autónomo es el titular de esta página web.</p>
<p>En cumplimiento del artículo 10 de la Ley 34/2002, de 11 de julio, de Servicios de la Información y Comercio Electrónico (LSSI-CE), <b>Giovanni</b> le informa de sus datos identificativos:</p>
<ul>
<li>Denominación Social: <b>Giovanni Bolognini</b></li>
<li><span style="background-color: rgba(255, 255, 255, 0); color: var(--the7-base-color); letter-spacing: var(--the7-base-letter-spacing); text-transform: var(--the7-base-text-transform); word-spacing: normal;">N.I.F: Y8840599B</span></li>
<li>
<p>Andador Campanilla 3 (Esc. 2 – 4°B), E-50012 Zaragoza</p>
</li>
<li>Teléfono: <a href="tel:0034638974042">+34 638 974 042</a></li>
<li>Correo electrónico a efectos de comunicación: <a href="mailto:gio.bolognini@t-online.de">gio.bolognini@t-online.de&nbsp;</a></li>
</ul>
<p><span style="background-color: rgba(255, 255, 255, 0); color: var(--the7-base-color); letter-spacing: var(--the7-base-letter-spacing); text-transform: var(--the7-base-text-transform); word-spacing: normal;">La presente </span><strong style="background-color: rgba(255, 255, 255, 0); color: var(--the7-base-color); letter-spacing: var(--the7-base-letter-spacing); text-transform: var(--the7-base-text-transform); word-spacing: normal;">Política de Privacidad</strong><span style="background-color: rgba(255, 255, 255, 0); color: var(--the7-base-color); letter-spacing: var(--the7-base-letter-spacing); text-transform: var(--the7-base-text-transform); word-spacing: normal;"> tiene por objeto informar del modo en <b>Giovanni</b> recaba, trata y protege los datos de carácter personal a través de los formularios generados en la actividades o las páginas web, a fin de que los participantes o usuarios determinen libre y voluntariamente si desean facilitar sus datos personales.</span></p>
<p>En la medida en que sea posible, la gestión de los datos de carácter personal necesarios para la realización de las actividades señaladas, se llevará a cabo a través de las web indicadas, de manera que&nbsp;<b>Giovanni</b>&nbsp;proporcionará a los usuarios los recursos técnicos adecuados para que, con carácter previo a la cumplimentación de los datos personales, puedan acceder a esta Política de Privacidad y a cualquier otra información relevante en materia de protección de datos de carácter personal. En otros casos, se adoptarán las medidas establecidas por la normativa en vigor.</p>
<p>El acceso y uso de las web por el usuario implica que éste consiente expresamente y acepta en su totalidad el contenido de este documento y se obliga a cumplir por completo los términos y condiciones recogidos en la presente Política de Privacidad, así como en las disposiciones contenidas en el Aviso Legal. Este consentimiento constituye la legitimidad del tratamiento de sus datos por parte de&nbsp;<b>Giovanni</b>&nbsp;para los fines previstos.</p>
<p><b style="background-color: rgba(255, 255, 255, 0); color: var(--the7-base-color); letter-spacing: var(--the7-base-letter-spacing); text-transform: var(--the7-base-text-transform); word-spacing: normal;">Giovanni</b>&nbsp;se reserva el derecho de realizar cuántas modificaciones estime necesarias u oportunas, o sean causa de cambios legislativos en la Política de privacidad de la web. Cuando esto ocurra, el nuevo texto será publicado en el sitio web, pudiendo el usuario tener conocimiento en todo momento acerca de la política de privacidad vigente y actualizada.</p>
<h4><strong>&nbsp;</strong></h4>
<h4><strong>Responsable del tratamiento y recogida de los datos de carácter personal</strong></h4>
<p>En cumplimiento con lo dispuesto en la Ley Orgánica 3/2018, de 6 de diciembre, de Protección de Datos Personales y Garantías de Derechos Digitales, así como en &nbsp;Reglamento (UE) 2016/679 del Parlamento Europeo y del Consejo de 27 de abril de 2016 relativo a la protección de las personas físicas en lo que respecta al tratamiento de datos personales y a la libre circulación de estos datos, ponemos en conocimiento del usuario que los datos recabados a través de cualesquiera formularios de recogida de datos de las web serán incorporados a ficheros de datos de carácter personal.</p>
<p>Los campos de los formularios que aparezcan marcados con un asterisco (*) o con “requerido” serán de obligada cumplimentación. La omisión de alguno de ellos podría comportar la imposibilidad de que se pueda atender su solicitud o gestionar la actividad de manera adecuada.</p>
<p>Al marcar el botón “Enviar” de los formularios, declara que los datos aportados son verdaderos, exactos, completos y actualizados, siendo responsable de cualquier daño o perjuicio, directo o indirecto, que pudiera ocasionarse como consecuencia del incumplimiento de tal obligación.</p>
<p>El usuario puede actualizar sus datos siguiendo las indicaciones del apartado Ejercicio de derechos. &nbsp;Los datos suministrados por el usuario son de carácter identificativo.</p>
<p>Si el usuario es menor de 14 años, es necesario que cuente con el previo consentimiento de sus padres o tutores antes de proceder a la inclusión de sus datos personales en los formularios de los sitios web.</p>
<h4><strong>&nbsp;</strong></h4>
<h4><strong>Tratamientos de datos de los usuarios y finalidad de éstos realizados a través de los sitios web</strong></h4>
<p><b style="background-color: rgba(255, 255, 255, 0); color: var(--the7-base-color); letter-spacing: var(--the7-base-letter-spacing); text-transform: var(--the7-base-text-transform); word-spacing: normal;">Giovanni</b>&nbsp;tratará los datos de carácter personal suministrados por el usuario con la finalidad de gestionar su registro de usuario e identificarle como “usuario registrado” para enviarle información de boletines electrónicos o Newsletter a través de las cuentas de correo electrónico&nbsp;<a href="mailto:info@aragonalimentos.es">creadas</a>&nbsp;para ese fin y dar respuesta a las dudas, quejas, comentarios o inquietudes que pueda tener relativas a la información incluida en las web. Si algún tratamiento requiere de consideraciones especiales, se informará al usuario a través de las indicaciones que corresponda, en el momento de solicitar sus datos.</p>
<p>Tras completar cada formulario debe aceptar la Política de Privacidad, marcando la casilla de verificación, lo cual se entenderá como que el usuario consiente libremente y de manera expresa e inequívoca el tratamiento de sus datos personales con los fines previstos, en los términos expuestos en la presente Política de Privacidad, sin los cuales no podría llevarse a cabo la prestación del servicio.</p>
<p>De cualquier modo, el usuario puede retirar en cualquier momento su consentimiento siguiendo las indicaciones del apartado “Ejercicio de derechos.”</p>
<p><b style="background-color: rgba(255, 255, 255, 0); color: var(--the7-base-color); letter-spacing: var(--the7-base-letter-spacing); text-transform: var(--the7-base-text-transform); word-spacing: normal;">Giovanni</b>&nbsp;tratará los datos de carácter personal siguiendo los principios de transparencia, licitud y lealtad, acorde a los fines determinados, explícitos y legítimos indicados en este documento.</p>
<p>Los órganos competentes en materia de control, seguimiento y auditoría de los trabajos ejecutados, tendrán acceso a sus datos con la única finalidad de comprobar el cumplimiento de lo previsto en las disposiciones legales aplicables.</p>
<p><b style="background-color: rgba(255, 255, 255, 0); color: var(--the7-base-color); letter-spacing: var(--the7-base-letter-spacing); text-transform: var(--the7-base-text-transform); word-spacing: normal;">Giovanni</b>&nbsp;no comunicará los datos de carácter personal del usuario a terceros sin recabar el previo consentimiento del usuario, salvo que la cesión de sus datos fuese necesaria para el mantenimiento de la relación contractual con éste, suscribiéndose el correspondiente contrato de tratamiento de datos a terceros, o por requisitos exigidos en la legislación vigente en materia de seguridad.</p>
<p><b style="background-color: rgba(255, 255, 255, 0); color: var(--the7-base-color); letter-spacing: var(--the7-base-letter-spacing); text-transform: var(--the7-base-text-transform); word-spacing: normal;">Giovanni</b>&nbsp;no se responsabiliza ante caídas del servicio, mal funcionamiento de las web o Links externos.&nbsp;</p>
<p>Del mismo modo,&nbsp;<b>Giovanni</b>&nbsp;no garantiza ni asume responsabilidad alguna por los daños y perjuicios, de cualquier naturaleza, que pudieran derivarse de alteración, pérdida, el tratamiento o el acceso no autorizado por parte del usuario.</p>
<h4><strong>&nbsp;</strong></h4>
<h4><strong>Sitios de terceros</strong></h4>
<p>Las web podrían incluir enlaces a sitios controlados por terceros. El usuario debe recordar que al usar un enlace para acceder desde las Web a otra, dejarán de surtir efectos la presente Política de Privacidad.&nbsp;<b>Giovanni</b>&nbsp;declina cualquier tipo de responsabilidad con respecto a la privacidad y el tratamiento de datos de otros sitios web.</p>
<h4><strong>&nbsp;</strong></h4>
<h4><strong>Confidencialidad y seguridad</strong></h4>
<p>Los datos personales que podamos recabar a través de las Web o por medio de las distintas comunicaciones que mantengamos con el usuario serán tratados con absoluta confidencialidad, comprometiéndonos a guardar secreto respecto de los mismos y garantizando el deber de guardarlos adoptando todas las medidas necesarias de índole técnica y organizativa que protejan su integridad y confidencialidad, evitando su alteración, pérdida, destrucción o daño accidental y el tratamiento o acceso ilícito o no autorizado, de acuerdo con lo establecido en la legislación aplicable, habida cuenta de la tecnología, la naturaleza de los datos almacenados y de los riesgos a los que está expuesto, ya provengan de la acción humana o del medio físico o natural.</p>
<p>Por otro lado,&nbsp;<b>Giovanni</b>&nbsp;dispone de otras medidas adicionales, que en su caso pueden incluir la anonimización de la información, para garantizar la confidencialidad e integridad de la información, manteniendo de manera continua la supervisión, control y evaluación de los procesos.</p>
<h4><strong>&nbsp;</strong></h4>
<h4><strong>Ejercicio de derechos</strong></h4>
<p>El usuario podrá ejercer sus derechos de acceso, rectificación, cancelación de sus datos personales y oposición o limitación al tratamiento de éstos, así como su derecho a la portabilidad de sus datos en cualquier momento mediante escrito dirigido a&nbsp;<b>Giovanni</b>&nbsp;&nbsp;<span style="background-color: rgba(255, 255, 255, 0); color: var(--the7-base-color); letter-spacing: var(--the7-base-letter-spacing); text-transform: var(--the7-base-text-transform); word-spacing: normal;">Andador Campanilla 3 (Esc. 2 – 4°B), E-50012 Zaragoza&nbsp;</span><span style="background-color: rgba(255, 255, 255, 0); color: var(--the7-base-color); letter-spacing: var(--the7-base-letter-spacing); text-transform: var(--the7-base-text-transform); word-spacing: normal;">o a través de la cuenta de correo electrónico </span><u style="background-color: rgba(255, 255, 255, 0); color: var(--the7-base-color); letter-spacing: var(--the7-base-letter-spacing); text-transform: var(--the7-base-text-transform); word-spacing: normal;">info@gbolognini.com</u><span style="background-color: rgba(255, 255, 255, 0); color: var(--the7-base-color); letter-spacing: var(--the7-base-letter-spacing); text-transform: var(--the7-base-text-transform); word-spacing: normal;">, indicando su nombre, apellidos y adjuntando fotocopia del DNI.</span></p>
<p>En cualquier caso, puede dirigirse a la Agencia Española de Protección de datos&nbsp;<a href="http://www.agdp.es/">www.agdp.es</a>&nbsp;para iniciar los trámites oportunos en defensa de sus derechos.</p>
<p>Julio de 2024.</p>						</div>
				</div>
					</div>
		</div>
					</div>
		</section>
				</div>

<p>Titularidad del sitio web. Ámbito de aplicación Giovanni Bolognini (en adelante Giovanni), como autónomo es el titular de esta página web. En cumplimiento del artículo 10 de la Ley 34/2002, de 11 de julio, de Servicios de la Información y Comercio Electrónico (LSSI-CE), Giovanni le informa de sus datos identificativos: Denominación Social: Giovanni Bolognini N.I.F:&hellip;</p>
